ded by r?
26
Let m(s) = -14*s - 32. Let y be ((-15)/(-10))/(4/(-8)). What is the remainder when 107 is divided by m(y)?
7
Suppose 681*c - 682*c = -3*a + 4946, 0 = -5*a - 5*c + 8190. What is the remainder when a is divided by 147?
29
Suppose 2*r + 1111 = 5*f, -218 = -f + r - 2*r. Suppose 384 = 16*m - 4*m. What is the remainder when f is divided by m?
29
Let m be 59 - ((-10 - -7) + (-3 - -2)). Suppose 4*n + r = m + 110, -135 = -3*n + r. Calculate the remainder when 129 is divided by n.
41
Let u(g) = -g**2 + g + 14. Let w = -19 - -23. Let j be u(w). Suppose -8*s + 5*c + 370 = -3*s, 224 = 3*s - j*c. Calculate the remainder when s is divided by 26.
24
Let k(h) = -9*h**2 - 65*h - 21. What is the remainder when 273 is divided by k(-3)?
87
Let q be ((-24)/30)/(20/(-850)). Suppose 0 = -2*s + 2*g + 136, -3*s = -2*s - 3*g - 64. Let a = s - q. Calculate the remainder when a is divided by 7.
1
What is the remainder when 1227 is divided by 2032/5 + 2 + (-4)/10?
3
Let w(d) = -d**3 - 4*d**2 + 7*d - 8. Suppose 34*y = 71*y + 7*y - 11836. Calculate the remainder when y is divided by w(-7).
89
Let f = -54 + 53. Let k be (f/(-2))/(8/848)*1. Suppose -215 = -2*q - k. What is the remainder when q is divided by 21?
18
Let k = 57 - 109. Let y = k - -56. Suppose y*h - 12 = h. What is the remainder when 66 is divided by h?
2
Let y = -9986 - -10081. Let a = -11 - -24. What is the remainder when y is divided by a?
4
Let i = -45316 - -51390. Calculate the remainder when i is divided by 45.
44
What is the remainder when 300 - (-6 + 0 - 3 - -7) is divided by 302?
0
Suppose -23 + 405 = 5*u - 3*j, 4*u = -j + 292. What is the remainder when 143 is divided by u?
69
Suppose -18*x + 75 = -293 - 190. Calculate the remainder when 73 is divided by x.
11
Let g = 1105 - 745. Let i = -335 + g. Calculate the remainder when 199 is divided by i.
24
Let k = 978 + -923. Suppose 2*p + 2*p + 36 = 2*a, -p = -a + 20. Let m = k - a. Calculate the remainder when m is divided by 7.
5
Suppose 77*i - 2232 = 2*i + 3*i. Suppose -16 = 4*a, 5*a = 2*z - 0*z - 696. What is the remainder when z is divided by i?
28
Let l = 242 + -209. Let z = 47 + -26. What is the remainder when l is divided by z?
12
Let v(n) be the second derivative of -3*n**5/2 - n**4/12 - n**3/2 - n**2/2 - 49*n. Let z be 1/(4/6)*16/(-24). What is the remainder when 153 is divided by v(z)?
29
Suppose 5*j - 4*z = 2848, -2844 + 576 = -4*j - 2*z. What is the remainder when j is divided by 16?
8
Suppose 0 = 4*t - 4 - 12, 2*t + 7 = p. Let m(g) = 7*g**2 - g. Let c be m(1). What is the remainder when c/2 - (12 - 29) is divided by p?
5
Let q = 27 - -2. Let d(w) = w + 33. Let v be d(-7). Suppose p = 2*o - p - v, p = 3*o - q. What is the remainder when 14 is divided by o?
6
Let l = -410 + 438. Suppose 4*n = 8*s - 3*s - 140, 2*n = -s + l. Calculate the remainder when 93 is divided by s.
9
Let z(r) = -r - 57. Let g be z(-8). What is the remainder when 0 + 1 - (0 - 31) is divided by (-3)/7 - (-28)/g*-20?
10
Let b = 178 + -176. Suppose b*i + 858 = 8*i. Calculate the remainder when i is divided by 36.
35
Let y = -29 + 13. Let d be (-1588)/y - (-3)/(-12). Let i = -47 + d. What is the remainder when i is divided by 17?
1
Let v(t) = -51 + 13 + 7*t - 24*t. Let h = 22 + -29. Calculate the remainder when v(h) is divided by 12.
9
Suppose -30*j = -81 - 939. What is the remainder when 226 is divided by j?
22
Let x(v) = 2*v**2 + 3*v - 30. Let r(n) = -n**3 - 5*n**2 - 6*n - 14. Let j be r(-4). Calculate the remainder when 45 is divided by x(j).
21
Let i(u) = 4*u + 25. Let h be i(-4). Suppose -2*t - 33 = -5*t. Calculate the remainder when t is divided by h/14*105/90*4.
2
Let b = 44 - 40. Suppose -j + 26 = 3*u, -5*j - b*u + 130 = -2*u. Let g(x) = x**2 - 20*x - 13. Calculate the remainder when g(j) is divided by 36.
35
Suppose 2*y - 105 = -109. Let t(w) = 14*w**2 - 6*w - 3. Calculate the remainder when t(y) is divided by 17.
14
Suppose 410*w - 174 = -b + 406*w, 0 = -b - 2*w + 172. Calculate the remainder when b is divided by 74.
22
Let t(c) = -3*c**2 + 213*c + 57. Calculate the remainder when 952 is divided by t(0).
40
Let y(o) = 1 + 0*o**2 + 6*o**2 + 21*o - 25*o - 8. What is the remainder when y(-3) is divided by 32?
27
Suppose 25 - 41 = -2*h. Suppose 109 = h*n - 99. Let o(a) = a**3 - 5*a**2 + 2*a - 1. What is the remainder when n is divided by o(5)?
8
Suppose 87 = -2*y + 93. Suppose 5*d - 2*l = 87, y*l = -3*d + d + 31. Calculate the remainder when 64 is divided by d.
13
Suppose -2*z + 116 = 2*a, -5*z = -104*a + 99*a - 350. Calculate the remainder when 304 is divided by z.
48
Let l = 4542 + -4526. Calculate the remainder when 142 is divided by l.
14
Let g(n) = -119*n**3 - 2*n**2 - 2*n - 1. Let l = -1215 + 1620. Let p = -375 + l. Calculate the remainder when g(-1) is divided by p.
28
Let t = -506 + 502. Calculate the remainder when 80 is divided by 3/(-4) - t/(48/213).
12
Suppose -g + 262 + 617 = 4*p, 0 = p - 2. Calculate the remainder when g is divided by 323.
225
Let t = 126 - 125. Let i be (-5 - -4) + 2 - t/(-1). Suppose 3*z - j - 95 = 0, 0*z - i*z - 5*j = -69. What is the remainder when 158 is divided by z?
30
Let w(a) = -48*a**2 - 2*a + 4. Let r be w(3). Suppose -2*d = 3*b - 45, -6*b = -5*d - 4*b + 103. What is the remainder when (7 + 2)/((-21)/r) is divided by d?
18
Let c(l) = -56*l - 28. Suppose -4*t + 3*a + 5 = 0, 27*a - 30*a - 6 = -3*t. What is the remainder when 221 is divided by c(t)?
25
Let u = -21 + 27. Suppose -4*b + u*b = 4. Calculate the remainder when 82 is divided by 2/3 + b + 228/9.
26
Let k(l) = l**3 - 3*l**2 + l + 2. Let z be k(3). Let t(y) = y**2 + 2*y - 34. Calculate the remainder when t(z) is divided by (0/(-3) - -1)*1.
0
Let p = 11737 + -11546. Calculate the remainder when p is divided by 96.
95
Suppose g - 19*g - 72 = 0. What is the remainder when (-7 + 4)/(4/g) + 54 is divided by 10?
7
Suppose 82*f = 55*f - 94*f + 23232. What is the remainder when 585 is divided by f?
9
Let v(u) = 37*u**3 - 12*u**2 - 7*u - 8. Let t(a) = 18*a**3 - 5*a**2 - 3*a - 4. Let i(q) = 9*t(q) - 4*v(q). Calculate the remainder when i(2) is divided by 31.
29
Suppose -5*g - 3*s + 4427 = 0, -5*g + 5*s + 4433 = 2*s. Let o = g - 446. What is the remainder when o is divided by 26?
24
Let t be -10*((-6)/(-3))/4. What is the remainder when 830 is divided by (t - -45) + 6 + 3?
46
Let l be (0 - -3)*22/6. Suppose -l*x = 8*x - 570. What is the remainder when x is divided by 4?
2
Let x be 1 + 0 + -2 - (-20 + -400). Let b = x + -369. What is the remainder when 160 is divided by b?
10
Let y(i) = i**2 + 2. Calculate the remainder when (147/14)/((9/60)/1) is divided by y(-5).
16
Let w(y) = 14*y**2 + 19*y - 69. What is the remainder when 306 is divided by w(3)?
78
Let k(c) = -c. Let q(p) = 2*p + 1. Let y be q(12). Suppose -m + 6 = y. Calculate the remainder when 29 is divided by k(m).
10
Let u = 899 + -897. Suppose -6*a = u*o - 5*a - 69, o - 22 = 2*a. Calculate the remainder when 129 is divided by o.
1
Suppose 3*k - c - 4*c = 33, c - 55 = -5*k. Suppose 0 = 6*t - 1534 - 968. What is the remainder when t is divided by k?
10
Let z = 6899 + 4507. What is the remainder when z is divided by 70?
66
What is the remainder when (1/4)/(29/47676) is divided by 618/9 + 2/6?
66
Let u(g) = 134*g**2 - g. Let w be u(-1). Suppose -4*y + w = y. Let o(k) = 21*k + 497. What is the remainder when y is divided by o(-23)?
13
Let r be (-1 + 1)*((-45)/(-20))/(-9). Suppose -3*d + 2*j + 12 = -114, 4*d + 2*j - 168 = r. What is the remainder when 124 is divided by d?
40
Let a = 136 - 122. Calculate the remainder when (10 - 30)/4*a/(-2) is divided by 9.
8
Let j(l) = 3*l**2 + 15*l + 13. Calculate the remainder when 3558 is divided by j(-5).
9
Let g(h) = h**3 - 8*h**2 - 6*h + 10. Let f be g(9). Let q = f + -34. Suppose 2*j - 64 = 2*k, -q*k - k = 2*j - 34. What is the remainder when j is divided by 6?
3
Let c be (-2*1)/(2838/570 + -5). Let x = c - 101. Let m(q) = q**3 + 10*q**2 + q + 1. Calculate the remainder when m(x) is divided by 37.
28
Suppose 0 = -8*j + 3*j + 4*g - 1404, -j - 280 = -g. Let h = 26 - j. Suppose -2*i + v + h = i, 208 = 2*i - 2*v. What is the remainder when i is divided by 13?
12
Suppose -25*p + 12*p + 273 = 0. Calculate the remainder when 1132 is divided by p.
19
Suppose -5*k - 511 = 4*f - 97, 10 =